e the prime factors of 61271293?
61271293
What are the prime factors of 4504841?
11, 53, 7727
What are the prime factors of 136716951?
3, 7, 19, 277, 1237
What are the prime factors of 47902176?
2, 3, 7, 23761
What are the prime factors of 1809823176?
2, 3, 7, 179, 743
List the prime factors of 18801103.
18801103
What are the prime factors of 809868913?
7, 37, 12073
What are the prime factors of 35392449?
3, 11797483
List the prime factors of 30470313.
3, 10156771
What are the prime factors of 743903727?
3, 7, 2251, 15737
List the prime factors of 140572025.
5, 11, 511171
List the prime factors of 260607957.
3, 67, 1296557
What are the prime factors of 449297599?
449297599
What are the prime factors of 1744057797?
3, 581352599
What are the prime factors of 5437996049?
56611, 96059
What are the prime factors of 2331088749?
3, 11, 23546351
List the prime factors of 1038245631.
3, 191, 821, 2207
What are the prime factors of 4937162?
2, 47, 53, 991
What are the prime factors of 16744958?
2, 401, 20879
What are the prime factors of 901719483?
3, 7, 4909, 8747
What are the prime factors of 234955197?
3, 19, 1374007
List the prime factors of 611077659.
3, 1297, 157049
List the prime factors of 24473337.
3, 7, 1165397
What are the prime factors of 89210331?
3, 7, 202291
What are the prime factors of 279942827?
19, 223, 66071
List the prime factors of 1076067156.
2, 3, 17, 29, 181891
List the prime factors of 81191321.
331, 245291
What are the prime factors of 8605792784?
2, 19681, 27329
List the prime factors of 402387058.
2, 4397, 45757
List the prime factors of 4581767154.
2, 3, 23603, 32353
What are the prime factors of 53451037?
31, 1724227
What are the prime factors of 766817672?
2, 659, 145451
List the prime factors of 1083330559.
17, 1283, 49669
List the prime factors of 33040610.
2, 5, 3304061
What are the prime factors of 1434196689?
3, 478065563
List the prime factors of 30344588.
2, 37, 205031
What are the prime factors of 24547043?
71, 345733
What are the prime factors of 47958004?
2, 53, 226217
List the prime factors of 13300107.
3, 47, 94327
List the prime factors of 45367319.
45367319
List the prime factors of 56055153.
3, 7, 11, 227, 1069
What are the prime factors of 67191113?
11, 6108283
List the prime factors of 3402075960.
2, 3, 5, 9450211
List the prime factors of 1305211537.
7, 186458791
List the prime factors of 571003695.
3, 5, 4229657
List the prime factors of 8722750.
2, 5, 23, 37, 41
What are the prime factors of 147092932?
2, 7, 83, 167, 379
List the prime factors of 429957441.
3, 19, 139, 18089
What are the prime factors of 154424593?
154424593
List the prime factors of 91505920.
2, 5, 11, 67, 97
What are the prime factors of 233504865?
3, 5, 11, 31, 15217
List the prime factors of 142103288.
2, 17762911
List the prime factors of 1707759890.
2, 5, 23, 7425043
What are the prime factors of 1937576531?
11, 1019, 172859
What are the prime factors of 14976166?
2, 251, 29833
What are the prime factors of 2306434717?
743, 3104219
What are the prime factors of 5471293160?
2, 5, 239, 572311
What are the prime factors of 913485187?
61, 14975167
List the prime factors of 86626960.
2, 5, 7, 154691
List the prime factors of 319026780.
2, 3, 5, 167, 10613
List the prime factors of 1516255430.
2, 5, 29, 101, 51767
What are the prime factors of 468267592?
2, 13, 43, 104711
List the prime factors of 7172438878.
2, 11, 6311, 51659
List the prime factors of 319290307.
7, 19, 191, 12569
What are the prime factors of 7925937529?
101, 78474629
What are the prime factors of 6759017289?
3, 199, 3773879
What are the prime factors of 39350689?
7, 1459, 3853
List the prime factors of 68219901.
3, 163, 5167
List the prime factors of 205174093.
59, 3477527
List the prime factors of 50176990.
2, 5, 5017699
What are the prime factors of 43751428?
2, 7, 23, 41, 1657
List the prime factors of 104855664.
2, 3, 857, 2549
What are the prime factors of 3518751752?
2, 439843969
What are the prime factors of 1508586830?
2, 5, 131, 1151593
What are the prime factors of 69261710?
2, 5, 7, 41, 24133
What are the prime factors of 3711562245?
3, 5, 29, 2844109
What are the prime factors of 3091738665?
3, 5, 71, 2903041
What are the prime factors of 1171027213?
43, 167, 313, 521
List the prime factors of 493256409.
3, 3067, 53609
List the prime factors of 247043482.
2, 7, 17645963
List the prime factors of 2379055532.
2, 7, 2767, 30707
List the prime factors of 380164031.
13, 29243387
What are the prime factors of 6152644005?
3, 5, 293, 1399919
List the prime factors of 17086789.
71, 240659
List the prime factors of 965812948.
2, 3559, 67843
What are the prime factors of 25738494?
2, 3, 31, 71, 1949
What are the prime factors of 48368462?
2, 29, 479, 1741
List the prime factors of 207723055.
5, 349, 119039
What are the prime factors of 482992632?
2, 3, 61, 4073
What are the prime factors of 746941049?
18289, 40841
List the prime factors of 2403899937.
3, 2731, 10867
What are the prime factors of 88245417?
3, 13, 43, 101, 521
List the prime factors of 5493099657.
3, 1831033219
What are the prime factors of 240846834?
2, 3, 40141139
List the prime factors of 239349921.
3, 79783307
List the prime factors of 51691776.
2, 3, 67307
What are the prime factors of 87979033?
87979033
What are the prime factors of 5333732564?
2, 1333433141
What are the prime factors of 25612898?
2, 12806449
List the prime factors of 1026841849.
11, 43, 911, 2383
What are the prime factors of 840405012?
2, 3, 70033751
What are the prime factors of 171246344?
2, 131, 163403
List the prime factors of 301240051.
7, 17, 31, 37, 2207
List the prime factors of 2112433902.
2, 3, 859, 136621
What are the prime factors of 332566622?
2, 1471, 113041
What are the prime factors of 36612661?
4483, 8167
List the prime factors of 33233007.
3, 11077669
List the prime factors of 2309480646.
2, 3, 11, 23, 1521397
What are the prime factors of 189290886?
2, 3, 17, 181, 10253
List the prime factors of 360366162.
2, 3, 13, 23, 37, 61, 89
What are the prime factors of 4946658715?
5, 89, 883, 12589
List the prime factors of 29010748.
2, 13, 557899
What are the prime factors of 3849293156?
2, 23, 41840143
What are the prime factors of 9703467?
3, 1078163
List the prime factors of 1563371096.
2, 7, 27917341
What are the prime factors of 188449677?
3, 13, 1610681
List the prime factors of 3499136714.
2, 1749568357
List the prime factors of 3779746465.
5, 11, 29, 2369747
What are the prime factors of 733038758?
2, 6709, 54631
List the prime factors of 199757663.
7, 1439, 2833
What are the prime factors of 814464094?
2, 3797, 107251
List the prime factors of 437651781.
3, 7, 239, 12457
What are the prime factors of 1556151634?
2, 2699, 288283
List the prime factors of 2764871042.
2, 1019, 1356659
List the prime factors of 1078537310.
2, 5, 107853731
What are the prime factors of 301492811?
1609, 187379
List the prime factors of 1412203323.
3, 73, 521, 12377
What are the prime factors of 325340080?
2, 5, 13, 83, 3769
What are the prime factors of 74115461?
7, 17, 157, 3967
What are the prime factors of 11536150?
2, 5, 47, 4909
What are the prime factors of 89108237?
17, 308333
List the prime factors of 183414861.
3, 7, 61, 5303
List the prime factors of 5140254873.
3, 13, 43, 53, 151, 383
What are the prime factors of 358297121?
7, 13, 47, 83773
List the prime factors of 58461859.
41, 1425899
List the prime factors of 903055600.
2, 5, 2257639
List the prime factors of 41488206.
2, 3, 43, 160807
What are the prime factors of 50265726?
2, 3, 7, 347, 3449
List the prime factors of 44819261.
157, 285473
List the prime factors of 1685133729.
3, 187237081
What are the prime factors of 5312034?
2, 3, 7, 13, 23, 47
List the prime factors of 4567667912.
2, 1987, 287347
List the prime factors of 380724778.
2, 7, 223, 121949
List the prime factors of 34151794.
2, 17075897
What are the prime factors of 581035742?
2, 7, 71, 8233
List the prime factors of 155239418.
2, 5717, 13577
List the prime factors of 79928341.
47, 1700603
What are the prime factors of 270304472?
2, 41, 824099
What are the prime factors of 88698069?
3, 617, 15973
What are the prime factors of 786757233?
3, 37, 661, 10723
List the prime factors of 5292690993.
